{"id":52,"date":"2022-01-28T10:22:47","date_gmt":"2022-01-28T09:22:47","guid":{"rendered":"https:\/\/new.quantum-isoraka.com\/?page_id=52"},"modified":"2023-01-05T07:04:22","modified_gmt":"2023-01-05T06:04:22","slug":"a-propos","status":"publish","type":"page","link":"https:\/\/new.quantum-isoraka.com\/?page_id=52","title":{"rendered":"A propos"},"content":{"rendered":"<p>[section padding=\u00a0\u00bb0px\u00a0\u00bb scroll_for_more=\u00a0\u00bbtrue\u00a0\u00bb]<\/p>\n<p>[ux_banner height=\u00a0\u00bb48%\u00a0\u00bb bg=\u00a0\u00bb1683&Prime; bg_size=\u00a0\u00bboriginal\u00a0\u00bb bg_overlay=\u00a0\u00bbrgba(2, 13, 13, 0.262)\u00a0\u00bb bg_pos=\u00a0\u00bb55% 15%\u00a0\u00bb]<\/p>\n<p>[text_box width=\u00a0\u00bb83&Prime; margin__md=\u00a0\u00bb200px 0px 0px 0px\u00a0\u00bb animate=\u00a0\u00bbbounceInUp\u00a0\u00bb position_x=\u00a0\u00bb95&Prime; position_x__md=\u00a0\u00bb0&Prime; position_y=\u00a0\u00bb90&Prime; position_y__sm=\u00a0\u00bb85&Prime; position_y__md=\u00a0\u00bb50&Prime;]<\/p>\n<p>[ux_text font_size=\u00a0\u00bb4&Prime; font_size__sm=\u00a0\u00bb2&Prime; font_size__md=\u00a0\u00bb3&Prime;]<\/p>\n<p>A propos<br \/>\n[\/ux_text]<\/p>\n<p>[\/text_box]<\/p>\n<p>[\/ux_banner]<\/p>\n<p>[\/section]<br \/>\n[row]<\/p>\n<p>[col span__sm=\u00a0\u00bb12&Prime;]<\/p>\n<p>[ux_text font_size=\u00a0\u00bb2&Prime; text_align=\u00a0\u00bbcenter\u00a0\u00bb]<\/p>\n<p>Le Quantum Isoraka est un restaurant de cuisine m\u00e9diterran\u00e9enne situ\u00e9 dans le quartier anim\u00e9 d&rsquo;Isoraka \u00e0 Antananarivo, Madagascar.<br \/>\n[\/ux_text]<\/p>\n<p>[\/col]<\/p>\n<p>[\/row]<br \/>\n[divider width=\u00a0\u00bb0px\u00a0\u00bb height=\u00a0\u00bb10px\u00a0\u00bb]<\/p>\n<p>[row v_align=\u00a0\u00bbmiddle\u00a0\u00bb]<\/p>\n<p>[col span=\u00a0\u00bb6&Prime; span__sm=\u00a0\u00bb12&Prime; divider=\u00a0\u00bb0&Prime;]<\/p>\n<p>[ux_text text_align=\u00a0\u00bbcenter\u00a0\u00bb]<\/p>\n<h2 class=\"uppercase\"><span class=\"fancy-underline\" data-text-color=\"primary\">Cuisine m\u00e9diterran\u00e9enne<\/span><\/h2>\n<p>[\/ux_text]<br \/>\n[divider width=\u00a0\u00bb0px\u00a0\u00bb]<\/p>\n<p>[ux_text font_size=\u00a0\u00bb1.28&Prime; text_align=\u00a0\u00bbleft\u00a0\u00bb]<\/p>\n<p>Le menu du Quantum Isoraka est ax\u00e9 sur les plats m\u00e9diterran\u00e9ens traditionnels tels que le kebab, les couscous, le chawarma et le Tajine. Les ingr\u00e9dients frais et de qualit\u00e9 sont s\u00e9lectionn\u00e9s avec soin pour garantir une exp\u00e9rience gustative exceptionnelle. Le restaurant propose \u00e9galement une s\u00e9lection de desserts d\u00e9licieux pour terminer votre repas sur une note sucr\u00e9e.<br \/>\n[\/ux_text]<\/p>\n<p>[\/col]<br \/>\n[col span=\u00a0\u00bb6&Prime; span__sm=\u00a0\u00bb12&Prime;]<\/p>\n<p>[ux_image id=\u00a0\u00bb875&Prime;]<\/p>\n<p>[\/col]<\/p>\n<p>[\/row]<br \/>\n[section bg=\u00a0\u00bb1601&Prime;]<\/p>\n<p>[divider width=\u00a0\u00bb0px\u00a0\u00bb]<\/p>\n<p>[row v_align=\u00a0\u00bbmiddle\u00a0\u00bb]<\/p>\n<p>[col span=\u00a0\u00bb6&Prime; span__sm=\u00a0\u00bb12&Prime;]<\/p>\n<p>[ux_image id=\u00a0\u00bb1636&Prime;]<\/p>\n<p>[\/col]<br \/>\n[col span=\u00a0\u00bb6&Prime; span__sm=\u00a0\u00bb12&Prime; divider=\u00a0\u00bb0&Prime;]<\/p>\n<p>[ux_text text_align=\u00a0\u00bbcenter\u00a0\u00bb text_color=\u00a0\u00bbrgb(255,255,255)\u00a0\u00bb]<\/p>\n<h2 class=\"uppercase\"><span class=\"fancy-underline\" data-text-color=\"white\">Bar lounge<\/span><\/h2>\n<p>[\/ux_text]<br \/>\n[divider width=\u00a0\u00bb0px\u00a0\u00bb height=\u00a0\u00bb0px\u00a0\u00bb]<\/p>\n<p>[ux_text font_size=\u00a0\u00bb1.3&Prime; text_align=\u00a0\u00bbleft\u00a0\u00bb text_color=\u00a0\u00bbrgb(255, 255, 255)\u00a0\u00bb]<\/p>\n<p>Le bar lounge du Quantum Isoraka est l&rsquo;endroit id\u00e9al pour se d\u00e9tendre avec un verre de votre boisson pr\u00e9f\u00e9r\u00e9e. Le menu comprend une vari\u00e9t\u00e9 de boissons alcoolis\u00e9es et non alcoolis\u00e9es, ainsi que des cocktails signature. L&rsquo;ambiance du bar lounge est sophistiqu\u00e9e et agr\u00e9able, parfaite pour prendre un verre en fin de journ\u00e9e ou pour passer une soir\u00e9e anim\u00e9e avec des amis.<br \/>\n[\/ux_text]<\/p>\n<p>[\/col]<\/p>\n<p>[\/row]<\/p>\n<p>[\/section]<br \/>\n[section]<\/p>\n<p>[row v_align=\u00a0\u00bbmiddle\u00a0\u00bb]<\/p>\n<p>[col span=\u00a0\u00bb6&Prime; span__sm=\u00a0\u00bb12&Prime; divider=\u00a0\u00bb0&Prime;]<\/p>\n<p>[ux_text text_align=\u00a0\u00bbcenter\u00a0\u00bb]<\/p>\n<h2 class=\"uppercase\"><span class=\"fancy-underline\" data-text-color=\"primary\">\u00c9v\u00e9nements<\/span><\/h2>\n<p>[\/ux_text]<br \/>\n[divider width=\u00a0\u00bb0px\u00a0\u00bb]<\/p>\n<p>[ux_text font_size=\u00a0\u00bb1.3&Prime; text_align=\u00a0\u00bbleft\u00a0\u00bb]<\/p>\n<p>Le Quantum Isoraka est \u00e9galement le lieu id\u00e9al pour c\u00e9l\u00e9brer des \u00e9v\u00e9nements sp\u00e9ciaux tels que des repas de famille, des anniversaires, des mariages et des s\u00e9minaires. Le restaurant dispose de plusieurs salles de r\u00e9ception et de diff\u00e9rents forfaits de r\u00e9ception pour r\u00e9pondre \u00e0 tous les besoins. Le personnel professionnel et attentionn\u00e9 s&rsquo;assurera que votre \u00e9v\u00e9nement soit une r\u00e9ussite inoubliable.<br \/>\n[\/ux_text]<\/p>\n<p>[\/col]<br \/>\n[col span=\u00a0\u00bb6&Prime; span__sm=\u00a0\u00bb12&Prime;]<\/p>\n<p>[ux_image id=\u00a0\u00bb1584&Prime;]<\/p>\n<p>[\/col]<\/p>\n<p>[\/row]<\/p>\n<p>[\/section]<\/p>\n","protected":false},"excerpt":{"rendered":"<p>[section padding=\u00a0\u00bb0px\u00a0\u00bb scroll_for_more=\u00a0\u00bbtrue\u00a0\u00bb] [ux_banner height=\u00a0\u00bb48%\u00a0\u00bb bg=\u00a0\u00bb1683&Prime; bg_size=\u00a0\u00bboriginal\u00a0\u00bb bg_overlay=\u00a0\u00bbrgba(2, 13, 13, 0.262)\u00a0\u00bb bg_pos=\u00a0\u00bb55% 15%\u00a0\u00bb] [text_box width=\u00a0\u00bb83&Prime; margin__md=\u00a0\u00bb200px 0px 0px 0px\u00a0\u00bb animate=\u00a0\u00bbbounceInUp\u00a0\u00bb position_x=\u00a0\u00bb95&Prime; position_x__md=\u00a0\u00bb0&Prime; position_y=\u00a0\u00bb90&Prime; position_y__sm=\u00a0\u00bb85&Prime; position_y__md=\u00a0\u00bb50&Prime;] [ux_text font_size=\u00a0\u00bb4&Prime; font_size__sm=\u00a0\u00bb2&Prime; font_size__md=\u00a0\u00bb3&Prime;] A propos [\/ux_text] [\/text_box] [\/ux_banner] [\/section] [row] [col span__sm=\u00a0\u00bb12&Prime;] [ux_text font_size=\u00a0\u00bb2&Prime; text_align=\u00a0\u00bbcenter\u00a0\u00bb] Le Quantum Isoraka est un restaurant de cuisine m\u00e9diterran\u00e9enne situ\u00e9 dans le quartier anim\u00e9 d&rsquo;Isoraka \u00e0 Antananarivo, Madagascar. [\/ux_text] [\/col] [\/row] [divider width=\u00a0\u00bb0px\u00a0\u00bb height=\u00a0\u00bb10px\u00a0\u00bb] [row v_align=\u00a0\u00bbmiddle\u00a0\u00bb] [col span=\u00a0\u00bb6&Prime; span__sm=\u00a0\u00bb12&Prime; divider=\u00a0\u00bb0&Prime;] [ux_text text_align=\u00a0\u00bbcenter\u00a0\u00bb] Cuisine m\u00e9diterran\u00e9enne [\/ux_text] [divider width=\u00a0\u00bb0px\u00a0\u00bb] [ux_text font_size=\u00a0\u00bb1.28&Prime; text_align=\u00a0\u00bbleft\u00a0\u00bb] Le menu du Quantum Isoraka est ax\u00e9 sur les plats m\u00e9diterran\u00e9ens traditionnels tels que le kebab, les couscous, le chawarma et le Tajine. Les ingr\u00e9dients frais et de qualit\u00e9 sont s\u00e9lectionn\u00e9s avec soin pour garantir une exp\u00e9rience gustative exceptionnelle. Le restaurant propose \u00e9galement une s\u00e9lection de desserts d\u00e9licieux pour terminer votre repas sur une note sucr\u00e9e. [\/ux_text] [\/col] [col span=\u00a0\u00bb6&Prime; span__sm=\u00a0\u00bb12&Prime;] [ux_image id=\u00a0\u00bb875&Prime;] [\/col] [\/row] [section bg=\u00a0\u00bb1601&Prime;] [divider width=\u00a0\u00bb0px\u00a0\u00bb] [row v_align=\u00a0\u00bbmiddle\u00a0\u00bb] [col span=\u00a0\u00bb6&Prime; span__sm=\u00a0\u00bb12&Prime;] [ux_image id=\u00a0\u00bb1636&Prime;] [\/col] [col span=\u00a0\u00bb6&Prime; span__sm=\u00a0\u00bb12&Prime; divider=\u00a0\u00bb0&Prime;] [ux_text text_align=\u00a0\u00bbcenter\u00a0\u00bb text_color=\u00a0\u00bbrgb(255,255,255)\u00a0\u00bb] Bar lounge [\/ux_text] [divider width=\u00a0\u00bb0px\u00a0\u00bb height=\u00a0\u00bb0px\u00a0\u00bb] [ux_text font_size=\u00a0\u00bb1.3&Prime; text_align=\u00a0\u00bbleft\u00a0\u00bb text_color=\u00a0\u00bbrgb(255, 255, 255)\u00a0\u00bb] Le bar lounge du Quantum Isoraka est l&rsquo;endroit id\u00e9al pour se d\u00e9tendre avec un verre de votre boisson pr\u00e9f\u00e9r\u00e9e. Le menu comprend une vari\u00e9t\u00e9 de boissons alcoolis\u00e9es et non alcoolis\u00e9es, ainsi que des cocktails signature. L&rsquo;ambiance du bar lounge est sophistiqu\u00e9e et agr\u00e9able, parfaite pour prendre un verre en fin de journ\u00e9e ou pour passer une soir\u00e9e anim\u00e9e avec des amis. [\/ux_text] [\/col] [\/row] [\/section] [section] [row v_align=\u00a0\u00bbmiddle\u00a0\u00bb] [col span=\u00a0\u00bb6&Prime; span__sm=\u00a0\u00bb12&Prime; divider=\u00a0\u00bb0&Prime;] [ux_text text_align=\u00a0\u00bbcenter\u00a0\u00bb] \u00c9v\u00e9nements [\/ux_text] [divider width=\u00a0\u00bb0px\u00a0\u00bb] [ux_text font_size=\u00a0\u00bb1.3&Prime; text_align=\u00a0\u00bbleft\u00a0\u00bb] Le Quantum Isoraka est \u00e9galement le lieu id\u00e9al pour c\u00e9l\u00e9brer des \u00e9v\u00e9nements sp\u00e9ciaux tels que des repas de famille, des anniversaires, des mariages et des s\u00e9minaires. Le restaurant dispose de plusieurs salles de r\u00e9ception et de diff\u00e9rents forfaits de r\u00e9ception pour r\u00e9pondre \u00e0 tous les besoins. Le personnel professionnel et attentionn\u00e9 s&rsquo;assurera que votre \u00e9v\u00e9nement soit une r\u00e9ussite inoubliable. [\/ux_text] [\/col] [col span=\u00a0\u00bb6&Prime; span__sm=\u00a0\u00bb12&Prime;] [ux_image id=\u00a0\u00bb1584&Prime;] [\/col] [\/row] [\/section]<\/p>\n","protected":false},"author":1,"featured_media":0,"parent":0,"menu_order":0,"comment_status":"closed","ping_status":"closed","template":"page-transparent-header.php","meta":{"_kad_post_transparent":"","_kad_post_title":"","_kad_post_layout":"","_kad_post_sidebar_id":"","_kad_post_content_style":"","_kad_post_vertical_padding":"","_kad_post_feature":"","_kad_post_feature_position":"","_kad_post_header":false,"_kad_post_footer":false,"_kad_post_classname":"","footnotes":""},"class_list":["post-52","page","type-page","status-publish","hentry"],"_links":{"self":[{"href":"https:\/\/new.quantum-isoraka.com\/index.php?rest_route=\/wp\/v2\/pages\/52","targetHints":{"allow":["GET"]}}],"collection":[{"href":"https:\/\/new.quantum-isoraka.com\/index.php?rest_route=\/wp\/v2\/pages"}],"about":[{"href":"https:\/\/new.quantum-isoraka.com\/index.php?rest_route=\/wp\/v2\/types\/page"}],"author":[{"embeddable":true,"href":"https:\/\/new.quantum-isoraka.com\/index.php?rest_route=\/wp\/v2\/users\/1"}],"replies":[{"embeddable":true,"href":"https:\/\/new.quantum-isoraka.com\/index.php?rest_route=%2Fwp%2Fv2%2Fcomments&post=52"}],"version-history":[{"count":0,"href":"https:\/\/new.quantum-isoraka.com\/index.php?rest_route=\/wp\/v2\/pages\/52\/revisions"}],"wp:attachment":[{"href":"https:\/\/new.quantum-isoraka.com\/index.php?rest_route=%2Fwp%2Fv2%2Fmedia&parent=52"}],"curies":[{"name":"wp","href":"https:\/\/api.w.org\/{rel}","templated":true}]}}